
Does 155 divide 91640?
False
Is 5 a factor of 860230?
True
Does 1507 divide 7278810?
True
Does 62 divide 67090?
False
Does 40 divide 6720?
True
Is 360057 a multiple of 56?
False
Is 109 a factor of 66551?
False
Is 325220 a multiple of 17?
False
Is 188384 a multiple of 116?
True
Is 285 a factor of 1975592?
False
Is 170208 a multiple of 216?
True
Does 206 divide 946186?
False
Does 243 divide 113185?
False
Does 73 divide 756426?
True
Does 451 divide 2202684?
True
Does 6 divide 259482?
True
Is 12 a factor of 23722?
False
Is 15 a factor of 11001930?
True
Is 209 a factor of 2283116?
True
Does 20 divide 13811?
False
Is 183 a factor of 5412340?
False
Is 50119 a multiple of 97?
False
Is 2009266 a multiple of 7?
True
Does 64 divide 7598844?
False
Is 24 a factor of 2001360?
True
Is 164 a factor of 652720?
True
Is 613 a factor of 138538?
True
Does 192 divide 62676?
False
Is 457 a factor of 4332817?
True
Does 31 divide 15562?
True
Is 5449009 a multiple of 103?
True
Is 708185 a multiple of 5?
True
Is 179 a factor of 1217597?
False
Is 8 a factor of 260904?
True
Is 233359 a multiple of 332?
False
Does 12 divide 19912151?
False
Is 4032127 a multiple of 15?
False
Does 19 divide 1792935?
True
Does 19 divide 284878?
False
Does 1081 divide 6039327?
False
Is 19 a factor of 2263945?
True
Is 351 a factor of 662312?
False
Is 378672 a multiple of 56?
True
Is 32 a factor of 24777?
False
Does 260 divide 14792483?
False
Is 342460 a multiple of 20?
True
Is 37 a factor of 35894?
False
Is 582 a factor of 7676681?
False
Is 10 a factor of 231140?
True
Is 526013 a multiple of 136?
False
Is 24 a factor of 3564735?
False
Does 122 divide 604998?
True
Is 22923 a multiple of 28?
False
Is 27773 a multiple of 6?
False
Is 6832320 a multiple of 8?
True
Is 81727 a multiple of 6?
False
Does 224 divide 10790?
False
Is 106471 a multiple of 28?
False
Does 3 divide 405580?
False
Is 55 a factor of 475805?
True
Is 60 a factor of 266505?
False
Is 35 a factor of 3056760?
True
Is 4 a factor of 96285?
False
Is 42745 a multiple of 7?
False
Is 141 a factor of 1277990?
False
Is 30 a factor of 5152688?
False
Is 149555 a multiple of 7?
True
Is 3 a factor of 293722?
False
Is 16707 a multiple of 10?
False
Is 1126 a factor of 1321491?
False
Is 596472 a multiple of 415?
False
Is 1221491 a multiple of 1213?
True
Is 5 a factor of 20159?
False
Is 2698517 a multiple of 818?
False
Is 98 a factor of 131479?
False
Is 73 a factor of 6978362?
True
Is 53640 a multiple of 60?
True
Does 205 divide 120570?
False
Is 18 a factor of 2109078?
True
Is 15 a factor of 13874?
False
Does 101 divide 318200?
False
Is 364640 a multiple of 21?
False
Does 37 divide 4928363?
True
Is 114516 a multiple of 36?
True
Is 12 a factor of 733629?
False
Is 769966 a multiple of 167?
False
Does 127 divide 2424684?
True
Is 836789 a multiple of 77?
False
Is 13 a factor of 13060047?
True
Is 726 a factor of 2582361?
False
Is 10 a factor of 909010?
True
Does 207 divide 2670067?
False
Is 453 a factor of 718005?
True
Is 270 a factor of 2953316?
False
Is 373734 a multiple of 81?
True
Is 750790 a multiple of 10?
True
Does 15 divide 44133?
False
Is 55808 a multiple of 218?
True
Is 508466 a multiple of 33?
False
Is 13 a factor of 20997925?
True
Is 213261 a multiple of 1061?
True
Does 1100 divide 9482993?
False
Is 3 a factor of 12705?
True
Does 241 divide 260280?
True
Is 14233674 a multiple of 199?
True
Does 22 divide 3184830?
True
Is 68 a factor of 94928?
True
Does 136 divide 2818604?
False
Does 23 divide 25898?
True
Does 100 divide 3420500?
True
Is 662758 a multiple of 326?
True
Is 59301 a multiple of 33?
True
Is 360824 a multiple of 92?
True
Is 19 a factor of 19570?
True
Is 2100 a multiple of 18?
False
Is 17 a factor of 549280?
False
Does 151 divide 132781?
False
Is 405 a factor of 1368900?
True
Is 16 a factor of 44519?
False
Is 396488 a multiple of 626?
False
Is 785080 a multiple of 13?
False
Is 410 a factor of 635910?
True
Is 67 a factor of 207388?
False
Is 357827 a multiple of 703?
True
Does 85 divide 154506?
False
Is 411 a factor of 1473148?
False
Is 30 a factor of 19259040?
True
Does 3 divide 169187?
False
Does 16 divide 15344?
True
Does 226 divide 1864313?
False
Does 45 divide 86825?
False
Does 9 divide 570928?
False
Is 139 a factor of 9687466?
True
Does 15 divide 521385?
True
Is 653201 a multiple of 459?
False
Does 253 divide 390126?
True
Is 26156 a multiple of 17?
False
Does 609 divide 1448592?
False
Is 173 a factor of 20334867?
False
Is 28844 a multiple of 15?
False
Is 4467999 a multiple of 321?
True
Does 99 divide 254702?
False
Is 276 a factor of 2826236?
False
Is 23 a factor of 79856?
True
Is 15649536 a multiple of 213?
True
Is 11 a factor of 4213?
True
Does 11 divide 19781?
False
Is 296062 a multiple of 11?
False
Is 16 a factor of 999616?
True
Is 1658725 a multiple of 104?
False
Is 532 a factor of 247599?
False
Does 392 divide 1318296?
True
Is 17 a factor of 35268?
False
Is 898106 even?
True
Is 134480 a multiple of 41?
True
Is 38 a factor of 725812?
False
Does 70 divide 110390?
True
Is 372 a factor of 3710328?
True
Does 13 divide 5743447?
False
Does 3 divide 25686?
True
Is 84521 a multiple of 55?
False
Is 85578 a multiple of 51?
True
Does 6 divide 223021?
False
Is 5697435 a multiple of 34?
False
Is 12 a factor of 2001996?
True
Is 158064 a multiple of 222?
True
Is 4 a factor of 88214?
False
Is 435047 a multiple of 285?
False
Is 37330 a multiple of 49?
False
Is 950853 a multiple of 20?
False
Is 94350 a multiple of 111?
True
Is 183 a factor of 334341?
True
Is 340001 a multiple of 43?
True
Is 916057 a multiple of 52?
False
Is 44 a factor of 707535?
False
Is 21504 a multiple of 45?
False
Is 265630 a multiple of 101?
True
Does 39 divide 141531?
True
Is 1159 a factor of 7493057?
False
Is 66 a factor of 983928?
True
Is 280 a factor of 44019?
False
Is 1274 a factor of 1133860?
True
Is 7 a factor of 47978?
True
Does 32 divide 122656?
True
Is 72 a factor of 1919990?
False
Does 151 divide 154473?
True
Is 6139860 a multiple of 49?
False
Does 19 divide 1271087?
False
Does 966 divide 38361683?
False
Does 781 divide 353793?
True
Is 320769 a multiple of 24?
False
Is 1180889 a multiple of 43?
False
Is 96 a factor of 11790720?
True
Does 6 divide 128304?
True
Does 220 divide 111100?
True
Is 41 a factor of 993922?
True
Does 26 divide 244483?
False
Is 1773037 a multiple of 10?
False
Is 2016191 a multiple of 167?
True
Is 856 a factor of 10591619?
False
Is 191 a factor of 1752755?
False
Does 42 divide 16456423?
False
Does 1477 divide 3360919?
False
Does 9 divide 37081?
False
Is 1186996 a multiple of 45?
False
Is 31734 a multiple of 6?
True
Is 9 a factor of 106713?
True
Is 1345600 a multiple of 32?
True
Is 7 a factor of 161763?
True
Is 11 a factor of 236357?
True
Does 178 divide 84940?
False
Is 276528 a multiple of 84?
True
Is 17 a factor of 154768?
True
Is 284614 a multiple of 17?
True
Does 38 divide 8892?
True
Is 14 a factor of 86702?
True
Does 57 divide 1484441?
False
Does 54 divide 2289762?
True
Is 20 a factor of 146099?
False
Is 14161728 a multiple of 164?
True
Is 11 a factor of 6270748?
True
Is 41 a factor of 676459?
True
Is 436285 a multiple of 188?
False
Does 12 divide 565006?
False
Is 14 a factor of 213071?
False
Is 4016175 a multiple of 15?
True
Does 38 divide 1538796?
False
Is 378 a factor of 18695947?
False
Does 281 divide 2573983?
False
Is 9226207 a multiple of 139?
False
Is 108 a factor of 621104?
False
Is 28476 a multiple of 42?
True
Is 43 a factor of 139240?
False
Is 854075 a multiple of 58?
False
Is 1203 a factor of 12000573?
False
Is 27 a factor of 12718?
False
Is 29 a factor of 2970702?
True
Is 23 a factor of 109148?
False
Is 11 a factor of 482988?
True
Is 5236347 a multiple of 10?
False
Is 4742750 a multiple of 10?
True
Does 464 divide 562368?
True
Is 28 a factor of 202978?
False
Does 13 divide 94770?
True
Is 182834 a multiple of 43?
False
Is 60 a factor of 123600?
True
Does 22 divide 4645206?
False
Does 229 divide 842653?
False
Does 50 divide 70152?
False
Is 14 a factor of 324604?
True
Is 47 a factor of 1405488?
True
Is 352 a factor of 23637152?
True
Is 844243 a multiple of 31?
False
Does 278 divide 63384?
True
Is 268040 a multiple of 309?
False
Is 5 a factor of 10316?
False
Is 226416 a multiple of 127?
False
Does 69 divide 15945?
False
Is 51